{"id":5005,"date":"2015-01-29T10:09:39","date_gmt":"2015-01-29T09:09:39","guid":{"rendered":"https:\/\/astridlindgrensnas.se\/utstallningar\/die-ganze-welt-brennt\/"},"modified":"2025-07-04T14:24:13","modified_gmt":"2025-07-04T12:24:13","slug":"die-ganze-welt-brennt","status":"publish","type":"exhibitions","link":"https:\/\/astridlindgrensnas.se\/de\/ausstellungen\/die-ganze-welt-brennt\/","title":{"rendered":"\u201eDie ganze Welt brennt!\u201c"},"content":{"rendered":"\n<div class=\"relative flex flex-col items-center  w-full justify-center \">\n\t\t<div class=\"w-full h-[60vh] min-h-[500px] tablet:max-h-[700px] bg-gradient-to-t opacity-60 from-blackish absolute bottom-0\">\n\n\t<\/div>\n\t\t\t\t<img decoding=\"async\" class=\"top-0 object-cover w-full h-[60vh] min-h-[700px] mobile:min-h-[540px] desktop:max-h-[650px] tablet:max-h-[700px]\" src=\"https:\/\/astridlindgrensnas.se\/wp-content\/uploads\/2025\/01\/varlden-brinner-1.jpg\" alt=\"\">\n\t\t<div class=\"w-full m-auto text-center absolute bottom-[80px]\">\n\t\t<h1 class=\"text-whiteish\">\u201eDie ganze Welt brennt!\u201c<\/h1>\n\t<\/div>\n<\/div>\n<div class=\"flex items-center justify-center w-full px-4 py-7\">\n\t<div data-aos=\" \" data-aos-duration=\"\" class=\"flex flex-col items-center w-full gap-5 m-auto text-center inner-contain\">\n\t\t\t\t\t\t\t<p class=\"-large text-darkGreen\">Eine Ausstellung \u00fcber Mut und Angst basierend auf den Kriegstageb\u00fcchern von Astrid Lindgren. Die Ausstellung wurde im ehemaligen Pfarrhaus in N\u00e4s, direkt neben dem Pavillon, aufgebaut. Die Besucher und Besucherinnen wurden in die Kriegsjahre 1939\u20131945 zur\u00fcckversetzt, die Ausstellung blickt aber auch nach innen und nach vorn. Wiederholt sich die Geschichte? Muss das so sein? Was k\u00f6nnen wir tun, um dies zu verhindern?<br \/>\r\n<\/p>\n\t\t\t\t\t<\/div>\n<\/div>\n<div class=\"w-full\">\n\t<div class=\"flex flex-col w-full m-auto py-7 gap-7 inner-contain\">\n\t\t\t\t\t\t\t\t\t<div data-aos=\"''\" data-aos-duration=\"300\" class=\"flex relative items-center justify-between w-full m-auto tablet:w-3\/4 tablet-sm:w-full tablet:flex-col-reverse desktop-sm:px-4 gap-7 \">\n\t\t\t\t\t<div class=\"flex flex-col items-start justify-center w-full gap-5 max-w-[40%] tablet:max-w-full\">\n\t\t\t\t\t\t<h3 class=\"-demi text-darkGreen\">Die Tageb\u00fccher von Astrid Lindgren w\u00e4hrend des Krieges <\/h3>\n\t\t\t\t\t\t\t\t\t\t\t\t\t<p class=\"text-black text-[20px]\">An dem Tag, als 1939 der Zweite Weltkrieg ausbrach, begann Astrid Lindgren, Tagebuch zu schreiben. Sie lebte mit ihrem Mann und ihren zwei Kindern in Stockholm. Der Durchbruch als Schriftstellerin war ihr bislang noch nicht gelungen. Durch ihre Gedanken \u00fcber den Krieg in ihren Tageb\u00fcchern von 1939\u20131945 schuf Astrid Lindgren ein einzigartiges privates Dokument dieser Zeit. Gleichzeitig formte sie ihren unabh\u00e4ngigen Blick auf die Welt und legte den Grundstein f\u00fcr ihre sp\u00e4tere Rolle als Meinungsbildnerin. \r\n<\/p>\n\t\t\t\t\t\t\t\t\t\t\t\t\t\t\t\t\t<\/div>\n\t\t\t\t\t\t\t\t\t\t\t\t\t\t\t\t\t\t<div class=\"flex items-center justify-center w-full\">\n\t\t\t\t\t\t\t\t<img decoding=\"async\" class=\"object-cover w-full h-[30rem] mobile-sm:h-[16rem] mobile:h-[18rem] rounded-lg\" src=\"https:\/\/astridlindgrensnas.se\/wp-content\/uploads\/2025\/01\/astrid-4.jpg\" alt=\"\">\n\t\t\t\t\t\t\t<\/div>\n\t\t\t\t\t\t\t\t\t\t\t\n\n\t\t\t\t<\/div>\n\t\t\t\t\t\t\t<div data-aos=\"''\" data-aos-duration=\"300\" class=\"flex relative items-center justify-between w-full m-auto tablet:w-3\/4 tablet-sm:w-full tablet:flex-col-reverse desktop-sm:px-4 gap-7 flex-row-reverse\">\n\t\t\t\t\t<div class=\"flex flex-col items-start justify-center w-full gap-5 max-w-[40%] tablet:max-w-full\">\n\t\t\t\t\t\t<h3 class=\"-demi text-darkGreen\">\u201eDie ganze Welt brennt!\u201c<\/h3>\n\t\t\t\t\t\t\t\t\t\t\t\t\t<p class=\"text-black text-[20px]\">Vor dem Hintergrund der Tageb\u00fccher von Astrid Lindgren stellt die Ausstellung Fragen \u00fcber unsere Zeit \u2013 eine Zeit, in der Faschismus und Rassismus in Europa erneut an Boden gewinnen, eine Zeit, in der immer mehr Stimmen vor neuen Konfrontationen und sogar einem neuen Weltkrieg warnen. Dank der Zusammenarbeit mit der Familie von Astrid Lindgren und dem Verlag Salikon war in der Ausstellung einzigartiges Material zu sehen. Sie wurde von der Stiftung zum Erhalt des Werks von Astrid Lindgren produziert und erst in Astrid Lindgrens N\u00e4s gezeigt.<\/p>\n\t\t\t\t\t\t\t\t\t\t\t\t\t\t\t\t\t<\/div>\n\t\t\t\t\t\t\t\t\t\t\t\t\t\t\t\t\t\t<div class=\"flex items-center justify-center w-full\">\n\t\t\t\t\t\t\t\t<img decoding=\"async\" class=\"object-cover w-full h-[30rem] mobile-sm:h-[16rem] mobile:h-[18rem] rounded-lg\" src=\"https:\/\/astridlindgrensnas.se\/wp-content\/uploads\/2025\/01\/svarta-tavlan-i-raddaktionen.jpg\" alt=\"\">\n\t\t\t\t\t\t\t<\/div>\n\t\t\t\t\t\t\t\t\t\t\t\n\n\t\t\t\t<\/div>\n\t\t\t\t\t\t<\/div>\n<\/div><div data-aos=\"\" data-aos-duration=\"\" class=\"flex flex-col items-start justify-center w-full mb-[-64px] tablet-lg:px-0 tablet-lg:mb-0 py-7\">\n\t<div class=\"relative z-0 items-center w-full m-auto inner-contain tablet-lg:max-w-none tablet-lg:px-0 tablet-lg:gap-4\">\n\t\t\t\t\t<div data-sliderid=\"hela-varlden-brinner\" class=\"tablet-lg:px-4 mb-4 w-full rounded-lg tablet-lg:rounded-none justify-start flex overflow-hidden hela-varlden-brinner tablet:mb-2 image-slider\">\n\t\t\t\t<div class=\"flex justify-center mobile:gap-0 swiper-wrapper tablet-lg:justify-start\">\n\t\t\t\t\t\t\t\t\t\t\t<img decoding=\"async\" src=\"https:\/\/astridlindgrensnas.se\/wp-content\/uploads\/2025\/01\/krigsdagboken-2.jpg\" alt=\"\" class=\"object-cover w-full rounded-lg mobile:max-w-full tablet-lg:mx-0 aspect-square swiper-slide\" \/>\n\t\t\t\t\t\t\t\t\t\t\t<img decoding=\"async\" src=\"https:\/\/astridlindgrensnas.se\/wp-content\/uploads\/2025\/01\/raddaktionen.jpg\" alt=\"\" class=\"object-cover w-full rounded-lg mobile:max-w-full tablet-lg:mx-0 aspect-square swiper-slide\" \/>\n\t\t\t\t\t\t\t\t\t\t\t<img decoding=\"async\" src=\"https:\/\/astridlindgrensnas.se\/wp-content\/uploads\/2025\/01\/touchbord-kvadrat.jpg\" alt=\"\" class=\"object-cover w-full rounded-lg mobile:max-w-full tablet-lg:mx-0 aspect-square swiper-slide\" \/>\n\t\t\t\t\t\t\t\t\t<\/div>\n\t\t\t<\/div>\n\t\t\t<div class=\"!w-1\/2 !m-auto swiper-scrollbar hela-varlden-brinner-scrollbar\"><\/div>\n\t\t\t\t\t<\/div>\n<\/div><div id=\"ett-uppslag-ur-krigsdagbockerna\" class=\"flex flex-col w-full m-auto pb-7 pt-8 fp-image-contain \">\n\t\t\t<div class=\"relative w-full min-h-[988px] mb-[-64px] tablet:mb-[-128px] mobile:min-h-[640px] m-auto flex align-center justify-start flex-col fp-image-contain\">\n\t\t\t\t\t\t\t<img decoding=\"async\" data-aos=\"\" data-aos-duration=\"\" class=\"object-cover w-full max-h-[860px] rounded-xl desktop-md:rounded-none min-h-[700px] mobile:min-h-[490px]\" src=\"https:\/\/astridlindgrensnas.se\/wp-content\/uploads\/2025\/01\/krigsdagbockerna.jpg\" alt=\"\">\n\t\t\t\t\t\t<div class=\"absolute bottom-[64px] flex flex-col items-center w-full m-auto gap-7 mobile:px-4\">\n\t\t\t\t<div class=\"bg-whiteish lg-shadow p-[80px] mobile:p-4 flex flex-col tablet:w-[90%] mobile:w-full text-black text-center inner-contain rounded-lg w-full items-center\">\n\t\t\t\t\t<div class=\"flex flex-col max-w-[760px] gap-5 mobile:gap-3 items-center\">\n\t\t\t\t\t\t<div class=\"flex flex-col gap-2 text-center\">\n\t\t\t\t\t\t\t\t\t\t\t\t\t\t\t\t\t\t\t\t\t\t<h2 class=\"text-darkGreen mobile:text-[24px] uppercase -wilma\">Die Kriegstageb\u00fccher von Astrid Lindgren 1939-1945<\/h2>\n\t\t\t\t\t\t\t\t\t\t\t\t\t<\/div>\n\t\t\t\t\t\t<p class=\"-medium text-trueBlack mobile:!text-[14px]\">W\u00e4hrend des gesamten Zweiten Weltkriegs schrieb Astrid Lindgren Tagebuch, in dem sie \u00fcber das allt\u00e4gliche Leben in Stockholm und die Geschehnisse in der Welt berichtete. Insgesamt wurden 17 Tageb\u00fccher in Buchform ver\u00f6ffentlicht. Ein einzigartiges Dokument von einem ganz normalen Menschen und einer der weltweit ber\u00fchmtesten Schwed*innen. Die Kriegstageb\u00fccher haben gro\u00dfe Aufmerksamkeit erregt, als sie 2015, p\u00fcnktlich zum 70. Jahrestag des Endes des Zweiten Weltkriegs, ver\u00f6ffentlicht wurden. <\/p>\n\t\t\t\t\t\t\t\t\t\t\t<\/div>\n\t\t\t\t<\/div>\n\t\t\t<\/div>\n\t\t<\/div>\n\t\n<\/div>\n<div class=\"flex items-center justify-center w-full py-71\">\n\t<div data-aos=\"\" data-aos-duration=\"\" class=\"flex flex-col items-center justify-center w-full gap-4 px-6 m-auto text-center inner-contain mobile:px-4\">\n\t\t<h2 class=\"-cursive text-[36px]  leading-[1.5] text-darkGreen text-center\">\n\t\t\t\u201eWir alle wollen Frieden. Gibt es keine M\u00f6glichkeit, etwas zu \u00e4ndern, bevor es zu sp\u00e4t ist? K\u00f6nnen wir lernen, uns selbst von Gewalt zu distanzieren? Versuchen wir doch einfach, eine neue Art von Mensch zu sein. Aber wie soll das geschehen, und wo sollen wir damit anfangen? Ich denke, wir m\u00fcssen von Grund auf neu beginnen. Mit den Kindern.\u201c<br \/>\r\n\t\t<\/h2>\n\t\t<p class=\"text-[20px] text-darkGreen\">Aus \u201eNiemals Gewalt\u201c!, Astrid Lindgrens Dankesrede, als sie 1978 den Friedenspreis des deutschen Buchhandels entgegennahm<\/p>\n\t<\/div>\n<\/div>","protected":false},"featured_media":0,"template":"","meta":{"_acf_changed":false,"footnotes":""},"seasons":[],"class_list":["post-5005","exhibitions","type-exhibitions","status-publish","hentry"],"acf":{"information":[{"is_show":false,"show_info":null,"store_info":null}]},"_links":{"self":[{"href":"https:\/\/astridlindgrensnas.se\/de\/wp-json\/wp\/v2\/exhibitions\/5005","targetHints":{"allow":["GET"]}}],"collection":[{"href":"https:\/\/astridlindgrensnas.se\/de\/wp-json\/wp\/v2\/exhibitions"}],"about":[{"href":"https:\/\/astridlindgrensnas.se\/de\/wp-json\/wp\/v2\/types\/exhibitions"}],"version-history":[{"count":1,"href":"https:\/\/astridlindgrensnas.se\/de\/wp-json\/wp\/v2\/exhibitions\/5005\/revisions"}],"predecessor-version":[{"id":5019,"href":"https:\/\/astridlindgrensnas.se\/de\/wp-json\/wp\/v2\/exhibitions\/5005\/revisions\/5019"}],"wp:attachment":[{"href":"https:\/\/astridlindgrensnas.se\/de\/wp-json\/wp\/v2\/media?parent=5005"}],"wp:term":[{"taxonomy":"seasons","embeddable":true,"href":"https:\/\/astridlindgrensnas.se\/de\/wp-json\/wp\/v2\/seasons?post=5005"}],"curies":[{"name":"wp","href":"https:\/\/api.w.org\/{rel}","templated":true}]}}

<div class="relative flex flex-col items-center  w-full justify-center ">
		<div class="w-full h-[60vh] min-h-[500px] tablet:max-h-[700px] bg-gradient-to-t opacity-60 from-blackish absolute bottom-0">

	</div>
				<img decoding="async" class="top-0 object-cover w-full h-[60vh] min-h-[700px] mobile:min-h-[540px] desktop:max-h-[650px] tablet:max-h-[700px]" src="https://astridlindgrensnas.se/wp-content/uploads/2025/01/varlden-brinner-1.jpg" alt="">
		<div class="w-full m-auto text-center absolute bottom-[80px]">
		<h1 class="text-whiteish">„Die ganze Welt brennt!“</h1>
	</div>
</div>
<div class="flex items-center justify-center w-full px-4 py-7">
	<div data-aos=" " data-aos-duration="" class="flex flex-col items-center w-full gap-5 m-auto text-center inner-contain">
							<p class="-large text-darkGreen">Eine Ausstellung über Mut und Angst basierend auf den Kriegstagebüchern von Astrid Lindgren. Die Ausstellung wurde im ehemaligen Pfarrhaus in Näs, direkt neben dem Pavillon, aufgebaut. Die Besucher und Besucherinnen wurden in die Kriegsjahre 1939–1945 zurückversetzt, die Ausstellung blickt aber auch nach innen und nach vorn. Wiederholt sich die Geschichte? Muss das so sein? Was können wir tun, um dies zu verhindern?<br />
</p>
					</div>
</div>
<div class="w-full">
	<div class="flex flex-col w-full m-auto py-7 gap-7 inner-contain">
									<div data-aos="''" data-aos-duration="300" class="flex relative items-center justify-between w-full m-auto tablet:w-3/4 tablet-sm:w-full tablet:flex-col-reverse desktop-sm:px-4 gap-7 ">
					<div class="flex flex-col items-start justify-center w-full gap-5 max-w-[40%] tablet:max-w-full">
						<h3 class="-demi text-darkGreen">Die Tagebücher von Astrid Lindgren während des Krieges </h3>
													<p class="text-black text-[20px]">An dem Tag, als 1939 der Zweite Weltkrieg ausbrach, begann Astrid Lindgren, Tagebuch zu schreiben. Sie lebte mit ihrem Mann und ihren zwei Kindern in Stockholm. Der Durchbruch als Schriftstellerin war ihr bislang noch nicht gelungen. Durch ihre Gedanken über den Krieg in ihren Tagebüchern von 1939–1945 schuf Astrid Lindgren ein einzigartiges privates Dokument dieser Zeit. Gleichzeitig formte sie ihren unabhängigen Blick auf die Welt und legte den Grundstein für ihre spätere Rolle als Meinungsbildnerin. 
</p>
																	</div>
																		<div class="flex items-center justify-center w-full">
								<img decoding="async" class="object-cover w-full h-[30rem] mobile-sm:h-[16rem] mobile:h-[18rem] rounded-lg" src="https://astridlindgrensnas.se/wp-content/uploads/2025/01/astrid-4.jpg" alt="">
							</div>
											

				</div>
							<div data-aos="''" data-aos-duration="300" class="flex relative items-center justify-between w-full m-auto tablet:w-3/4 tablet-sm:w-full tablet:flex-col-reverse desktop-sm:px-4 gap-7 flex-row-reverse">
					<div class="flex flex-col items-start justify-center w-full gap-5 max-w-[40%] tablet:max-w-full">
						<h3 class="-demi text-darkGreen">„Die ganze Welt brennt!“</h3>
													<p class="text-black text-[20px]">Vor dem Hintergrund der Tagebücher von Astrid Lindgren stellt die Ausstellung Fragen über unsere Zeit – eine Zeit, in der Faschismus und Rassismus in Europa erneut an Boden gewinnen, eine Zeit, in der immer mehr Stimmen vor neuen Konfrontationen und sogar einem neuen Weltkrieg warnen. Dank der Zusammenarbeit mit der Familie von Astrid Lindgren und dem Verlag Salikon war in der Ausstellung einzigartiges Material zu sehen. Sie wurde von der Stiftung zum Erhalt des Werks von Astrid Lindgren produziert und erst in Astrid Lindgrens Näs gezeigt.</p>
																	</div>
																		<div class="flex items-center justify-center w-full">
								<img decoding="async" class="object-cover w-full h-[30rem] mobile-sm:h-[16rem] mobile:h-[18rem] rounded-lg" src="https://astridlindgrensnas.se/wp-content/uploads/2025/01/svarta-tavlan-i-raddaktionen.jpg" alt="">
							</div>
											

				</div>
						</div>
</div><div data-aos="" data-aos-duration="" class="flex flex-col items-start justify-center w-full mb-[-64px] tablet-lg:px-0 tablet-lg:mb-0 py-7">
	<div class="relative z-0 items-center w-full m-auto inner-contain tablet-lg:max-w-none tablet-lg:px-0 tablet-lg:gap-4">
					<div data-sliderid="hela-varlden-brinner" class="tablet-lg:px-4 mb-4 w-full rounded-lg tablet-lg:rounded-none justify-start flex overflow-hidden hela-varlden-brinner tablet:mb-2 image-slider">
				<div class="flex justify-center mobile:gap-0 swiper-wrapper tablet-lg:justify-start">
											<img decoding="async" src="https://astridlindgrensnas.se/wp-content/uploads/2025/01/krigsdagboken-2.jpg" alt="" class="object-cover w-full rounded-lg mobile:max-w-full tablet-lg:mx-0 aspect-square swiper-slide" />
											<img decoding="async" src="https://astridlindgrensnas.se/wp-content/uploads/2025/01/raddaktionen.jpg" alt="" class="object-cover w-full rounded-lg mobile:max-w-full tablet-lg:mx-0 aspect-square swiper-slide" />
											<img decoding="async" src="https://astridlindgrensnas.se/wp-content/uploads/2025/01/touchbord-kvadrat.jpg" alt="" class="object-cover w-full rounded-lg mobile:max-w-full tablet-lg:mx-0 aspect-square swiper-slide" />
									</div>
			</div>
			<div class="!w-1/2 !m-auto swiper-scrollbar hela-varlden-brinner-scrollbar"></div>
					</div>
</div><div id="ett-uppslag-ur-krigsdagbockerna" class="flex flex-col w-full m-auto pb-7 pt-8 fp-image-contain ">
			<div class="relative w-full min-h-[988px] mb-[-64px] tablet:mb-[-128px] mobile:min-h-[640px] m-auto flex align-center justify-start flex-col fp-image-contain">
							<img decoding="async" data-aos="" data-aos-duration="" class="object-cover w-full max-h-[860px] rounded-xl desktop-md:rounded-none min-h-[700px] mobile:min-h-[490px]" src="https://astridlindgrensnas.se/wp-content/uploads/2025/01/krigsdagbockerna.jpg" alt="">
						<div class="absolute bottom-[64px] flex flex-col items-center w-full m-auto gap-7 mobile:px-4">
				<div class="bg-whiteish lg-shadow p-[80px] mobile:p-4 flex flex-col tablet:w-[90%] mobile:w-full text-black text-center inner-contain rounded-lg w-full items-center">
					<div class="flex flex-col max-w-[760px] gap-5 mobile:gap-3 items-center">
						<div class="flex flex-col gap-2 text-center">
																						<h2 class="text-darkGreen mobile:text-[24px] uppercase -wilma">Die Kriegstagebücher von Astrid Lindgren 1939-1945</h2>
													</div>
						<p class="-medium text-trueBlack mobile:!text-[14px]">Während des gesamten Zweiten Weltkriegs schrieb Astrid Lindgren Tagebuch, in dem sie über das alltägliche Leben in Stockholm und die Geschehnisse in der Welt berichtete. Insgesamt wurden 17 Tagebücher in Buchform veröffentlicht. Ein einzigartiges Dokument von einem ganz normalen Menschen und einer der weltweit berühmtesten Schwed*innen. Die Kriegstagebücher haben große Aufmerksamkeit erregt, als sie 2015, pünktlich zum 70. Jahrestag des Endes des Zweiten Weltkriegs, veröffentlicht wurden. </p>
											</div>
				</div>
			</div>
		</div>
	
</div>
<div class="flex items-center justify-center w-full py-71">
	<div data-aos="" data-aos-duration="" class="flex flex-col items-center justify-center w-full gap-4 px-6 m-auto text-center inner-contain mobile:px-4">
		<h2 class="-cursive text-[36px]  leading-[1.5] text-darkGreen text-center">
			„Wir alle wollen Frieden. Gibt es keine Möglichkeit, etwas zu ändern, bevor es zu spät ist? Können wir lernen, uns selbst von Gewalt zu distanzieren? Versuchen wir doch einfach, eine neue Art von Mensch zu sein. Aber wie soll das geschehen, und wo sollen wir damit anfangen? Ich denke, wir müssen von Grund auf neu beginnen. Mit den Kindern.“<br />
		</h2>
		<p class="text-[20px] text-darkGreen">Aus „Niemals Gewalt“!, Astrid Lindgrens Dankesrede, als sie 1978 den Friedenspreis des deutschen Buchhandels entgegennahm</p>
	</div>
</div>
